{"id":9708,"date":"2025-08-08T11:32:36","date_gmt":"2025-08-08T09:32:36","guid":{"rendered":"https:\/\/www.gabinetmodernista.com\/producto\/rajola-sants\/"},"modified":"2026-03-02T11:51:11","modified_gmt":"2026-03-02T09:51:11","slug":"rajola-sants","status":"publish","type":"product","link":"https:\/\/www.gabinetmodernista.com\/ca\/producto\/rajola-sants\/","title":{"rendered":"RAJOLA SANTS"},"content":{"rendered":"<div class=\"ng-tns-c735210534-369\">\n<section id=\"processing-state-16\" class=\"processing-state_container ng-tns-c735210534-369 is-gpi-avatar ng-trigger ng-trigger-processingStateShowHide ng-star-inserted is-done-processing\">\n<div id=\"processing-state-16-summary\" class=\"processing-state_details ng-trigger ng-trigger-menuExpansion ng-tns-c735210534-369 is-gpi-avatar ng-star-inserted\" aria-hidden=\"true\">\n<div class=\"tool-summary ng-tns-c735210534-369\">\n<div class=\"gds-body-l tool-summary-message ng-tns-c735210534-369 ng-star-inserted\">\n<div class=\"ng-tns-c735210534-369\">Aquesta rajola \u00e9s un excel\u00b7lent exemple del modernisme catal\u00e0, un estil caracteritzat per l&#8217;amor a les formes org\u00e0niques i els detalls rics. Aquest tipus de rajola es pot trobar en un edifici del barri de Sants de Barcelona.<\/div>\n<\/div>\n<\/div>\n<\/div>\n<\/section>\n<\/div>\n<div class=\"response-content ng-tns-c2122707797-368\">\n<div id=\"model-response-message-contentr_da71f3b1fa35e0c4\" class=\"markdown markdown-main-panel stronger enable-updated-hr-color\" dir=\"ltr\">\n<p>El disseny de la rajola se centra en la representaci\u00f3 de dues grans flors blanques, que recorden roses estilitzades, amb p\u00e8tals entrella\u00e7ats en un patr\u00f3 geom\u00e8tric i circular. Aquestes flors estan envoltades de grans fulles de color verd fosc, que contrasten amb el verd m\u00e9s clar del fons. La composici\u00f3 \u00e9s sim\u00e8trica i equilibrada, i cada pe\u00e7a, unida a les altres, crea un patr\u00f3 continu i harm\u00f2nic.<\/p>\n<p>La paleta de colors d&#8217;aquest rajola \u00e9s principalment verda. El verd fosc de les fulles hi afegeix un toc de vitalitat i frescor, mentre que el verd m\u00e9s clar del fons crea una atmosfera de calma i serenitat. El blanc de les flors no nom\u00e9s destaca sobre el fons, sin\u00f3 que tamb\u00e9 hi aporta un toc de lluminositat.<\/p>\n<p>En conjunt, aquest mosaic \u00e9s una obra que demostra l&#8217;artesania del modernisme. El disseny i la paleta de colors transformen una simple rajola en una pe\u00e7a d&#8217;art que evoca la bellesa de la natura i contribueix a l&#8217;est\u00e8tica general de l&#8217;edifici.<\/p>\n<\/div>\n<\/div>\n","protected":false},"excerpt":{"rendered":"<p><strong>Desconegut<\/strong><\/p>\n<p>Argila cuita recoberta amb un esmalt vitri<\/p>\n<p>Lliurament estimat, aproximadament 1 setmana des de la confirmaci\u00f3 de la comanda<\/p>\n","protected":false},"featured_media":8366,"template":"","meta":{"_joinchat":[]},"product_brand":[],"product_cat":[170,190,171],"product_tag":[],"class_list":{"0":"post-9708","1":"product","2":"type-product","3":"status-publish","4":"has-post-thumbnail","6":"product_cat-ceramica-ca","7":"product_cat-finca-modernista","8":"product_cat-rajola-plana","10":"first","11":"instock","12":"taxable","13":"shipping-taxable","14":"purchasable","15":"product-type-simple"},"_links":{"self":[{"href":"https:\/\/www.gabinetmodernista.com\/ca\/wp-json\/wp\/v2\/product\/9708","targetHints":{"allow":["GET"]}}],"collection":[{"href":"https:\/\/www.gabinetmodernista.com\/ca\/wp-json\/wp\/v2\/product"}],"about":[{"href":"https:\/\/www.gabinetmodernista.com\/ca\/wp-json\/wp\/v2\/types\/product"}],"wp:featuredmedia":[{"embeddable":true,"href":"https:\/\/www.gabinetmodernista.com\/ca\/wp-json\/wp\/v2\/media\/8366"}],"wp:attachment":[{"href":"https:\/\/www.gabinetmodernista.com\/ca\/wp-json\/wp\/v2\/media?parent=9708"}],"wp:term":[{"taxonomy":"product_brand","embeddable":true,"href":"https:\/\/www.gabinetmodernista.com\/ca\/wp-json\/wp\/v2\/product_brand?post=9708"},{"taxonomy":"product_cat","embeddable":true,"href":"https:\/\/www.gabinetmodernista.com\/ca\/wp-json\/wp\/v2\/product_cat?post=9708"},{"taxonomy":"product_tag","embeddable":true,"href":"https:\/\/www.gabinetmodernista.com\/ca\/wp-json\/wp\/v2\/product_tag?post=9708"}],"curies":[{"name":"wp","href":"https:\/\/api.w.org\/{rel}","templated":true}]}}

<div class="ng-tns-c735210534-369">
<section id="processing-state-16" class="processing-state_container ng-tns-c735210534-369 is-gpi-avatar ng-trigger ng-trigger-processingStateShowHide ng-star-inserted is-done-processing">
<div id="processing-state-16-summary" class="processing-state_details ng-trigger ng-trigger-menuExpansion ng-tns-c735210534-369 is-gpi-avatar ng-star-inserted" aria-hidden="true">
<div class="tool-summary ng-tns-c735210534-369">
<div class="gds-body-l tool-summary-message ng-tns-c735210534-369 ng-star-inserted">
<div class="ng-tns-c735210534-369">Aquesta rajola és un excel·lent exemple del modernisme català, un estil caracteritzat per l&#8217;amor a les formes orgàniques i els detalls rics. Aquest tipus de rajola es pot trobar en un edifici del barri de Sants de Barcelona.</div>
</div>
</div>
</div>
</section>
</div>
<div class="response-content ng-tns-c2122707797-368">
<div id="model-response-message-contentr_da71f3b1fa35e0c4" class="markdown markdown-main-panel stronger enable-updated-hr-color" dir="ltr">
<p>El disseny de la rajola se centra en la representació de dues grans flors blanques, que recorden roses estilitzades, amb pètals entrellaçats en un patró geomètric i circular. Aquestes flors estan envoltades de grans fulles de color verd fosc, que contrasten amb el verd més clar del fons. La composició és simètrica i equilibrada, i cada peça, unida a les altres, crea un patró continu i harmònic.</p>
<p>La paleta de colors d&#8217;aquest rajola és principalment verda. El verd fosc de les fulles hi afegeix un toc de vitalitat i frescor, mentre que el verd més clar del fons crea una atmosfera de calma i serenitat. El blanc de les flors no només destaca sobre el fons, sinó que també hi aporta un toc de lluminositat.</p>
<p>En conjunt, aquest mosaic és una obra que demostra l&#8217;artesania del modernisme. El disseny i la paleta de colors transformen una simple rajola en una peça d&#8217;art que evoca la bellesa de la natura i contribueix a l&#8217;estètica general de l&#8217;edifici.</p>
</div>
</div>

<p><strong>Desconegut</strong></p>
<p>Argila cuita recoberta amb un esmalt vitri</p>
<p>Lliurament estimat, aproximadament 1 setmana des de la confirmació de la comanda</p>
