{"id":8988,"date":"2025-08-07T18:32:53","date_gmt":"2025-08-07T16:32:53","guid":{"rendered":"https:\/\/www.gabinetmodernista.com\/producto\/rajola-casa-lleo-morera\/"},"modified":"2026-03-02T11:18:12","modified_gmt":"2026-03-02T09:18:12","slug":"rajola-casa-lleo-morera","status":"publish","type":"product","link":"https:\/\/www.gabinetmodernista.com\/ca\/producto\/rajola-casa-lleo-morera\/","title":{"rendered":"RAJOLA CASA LLE\u00d3 MORERA"},"content":{"rendered":"<p>Aquesta rajola, que \u00e9s a la Casa Lle\u00f3 i Morera de Barcelona, \u200b\u200bobra de l&#8217;arquitecte Josep Puig i Cadafalch, \u00e9s un clar exponent del Modernisme catal\u00e0. A difer\u00e8ncia de les formes purament geom\u00e8triques, aquesta pe\u00e7a destaca per un disseny org\u00e0nic i din\u00e0mic que evoca la vitalitat i el moviment de la natura.<\/p>\n<p>La composici\u00f3 de la rajola \u00e9s un fragment duna trama m\u00e9s gran. El disseny es basa en un motiu de fulles d&#8217;acant estilitzades i tiges que es corben i s&#8217;entrellacen de manera fluida. El patr\u00f3 \u00e9s asim\u00e8tric i ple denergia, amb una l\u00ednia blanca que actua com un contorn que ressalta les formes i genera una sensaci\u00f3 de relleu. La pe\u00e7a, en unir-se amb altres, formaria una xarxa decorativa que cobriria la superf\u00edcie amb una bellesa hipn\u00f2tica i un ritme continu caracter\u00edstic de l&#8217;ornamentaci\u00f3 modernista.<\/p>\n<p>La paleta de colors \u00e9s vibrant i auda\u00e7, una de les dades d&#8217;identitat del Modernisme. Puig i Cadafalch utilitza una combinaci\u00f3 rica d&#8217;un taronja intens i groc amb un blau i gris que creen un contrast fort i atractiu. L\u00b4\u00fas d\u00b4aquests colors saturats, juntament amb tocs de verd i la promin\u00e8ncia del contorn blanc, confereix a la pe\u00e7a una lluminositat que destaca sobre la resta de la decoraci\u00f3.<\/p>\n<p>En conjunt, aquest mosaic \u00e9s una obra que demostra el mestratge de Puig i Cadafalch en la integraci\u00f3 de l&#8217;artesania a l&#8217;arquitectura. \u00c9s una manifestaci\u00f3 de l&#8217;harmonia entre l&#8217;art i la natura, on una simple rajola es converteix en una pe\u00e7a d&#8217;un puzle que reflecteix el dinamisme i la riquesa decorativa del modernisme.<\/p>\n","protected":false},"excerpt":{"rendered":"<p><strong>Llu\u00eds Dom\u00e8nech i Montaner<\/strong><\/p>\n<p>Argila cuita recoberta amb un esmalt vitri<\/p>\n<p>Lliurament estimat, aproximadament 1 setmana des de la confirmaci\u00f3 de la comanda<\/p>\n","protected":false},"featured_media":8293,"template":"","meta":{"_joinchat":[]},"product_brand":[],"product_cat":[182,170,179,171],"product_tag":[],"class_list":{"0":"post-8988","1":"product","2":"type-product","3":"status-publish","4":"has-post-thumbnail","6":"product_cat-casa-lleo-morera-ca-2","7":"product_cat-ceramica-ca","8":"product_cat-lluis-domenech-montaner-ca","9":"product_cat-rajola-plana","11":"first","12":"instock","13":"taxable","14":"shipping-taxable","15":"purchasable","16":"product-type-simple"},"_links":{"self":[{"href":"https:\/\/www.gabinetmodernista.com\/ca\/wp-json\/wp\/v2\/product\/8988","targetHints":{"allow":["GET"]}}],"collection":[{"href":"https:\/\/www.gabinetmodernista.com\/ca\/wp-json\/wp\/v2\/product"}],"about":[{"href":"https:\/\/www.gabinetmodernista.com\/ca\/wp-json\/wp\/v2\/types\/product"}],"wp:featuredmedia":[{"embeddable":true,"href":"https:\/\/www.gabinetmodernista.com\/ca\/wp-json\/wp\/v2\/media\/8293"}],"wp:attachment":[{"href":"https:\/\/www.gabinetmodernista.com\/ca\/wp-json\/wp\/v2\/media?parent=8988"}],"wp:term":[{"taxonomy":"product_brand","embeddable":true,"href":"https:\/\/www.gabinetmodernista.com\/ca\/wp-json\/wp\/v2\/product_brand?post=8988"},{"taxonomy":"product_cat","embeddable":true,"href":"https:\/\/www.gabinetmodernista.com\/ca\/wp-json\/wp\/v2\/product_cat?post=8988"},{"taxonomy":"product_tag","embeddable":true,"href":"https:\/\/www.gabinetmodernista.com\/ca\/wp-json\/wp\/v2\/product_tag?post=8988"}],"curies":[{"name":"wp","href":"https:\/\/api.w.org\/{rel}","templated":true}]}}

RAJOLA CASA LLEÓ MORERA

<p>Aquesta rajola, que és a la Casa Lleó i Morera de Barcelona, ​​obra de l&#8217;arquitecte Josep Puig i Cadafalch, és un clar exponent del Modernisme català. A diferència de les formes purament geomètriques, aquesta peça destaca per un disseny orgànic i dinàmic que evoca la vitalitat i el moviment de la natura.</p>
<p>La composició de la rajola és un fragment duna trama més gran. El disseny es basa en un motiu de fulles d&#8217;acant estilitzades i tiges que es corben i s&#8217;entrellacen de manera fluida. El patró és asimètric i ple denergia, amb una línia blanca que actua com un contorn que ressalta les formes i genera una sensació de relleu. La peça, en unir-se amb altres, formaria una xarxa decorativa que cobriria la superfície amb una bellesa hipnòtica i un ritme continu característic de l&#8217;ornamentació modernista.</p>
<p>La paleta de colors és vibrant i audaç, una de les dades d&#8217;identitat del Modernisme. Puig i Cadafalch utilitza una combinació rica d&#8217;un taronja intens i groc amb un blau i gris que creen un contrast fort i atractiu. L´ús d´aquests colors saturats, juntament amb tocs de verd i la prominència del contorn blanc, confereix a la peça una lluminositat que destaca sobre la resta de la decoració.</p>
<p>En conjunt, aquest mosaic és una obra que demostra el mestratge de Puig i Cadafalch en la integració de l&#8217;artesania a l&#8217;arquitectura. És una manifestació de l&#8217;harmonia entre l&#8217;art i la natura, on una simple rajola es converteix en una peça d&#8217;un puzle que reflecteix el dinamisme i la riquesa decorativa del modernisme.</p>

<p><strong>Lluís Domènech i Montaner</strong></p>
<p>Argila cuita recoberta amb un esmalt vitri</p>
<p>Lliurament estimat, aproximadament 1 setmana des de la confirmació de la comanda</p>
