{"id":8968,"date":"2025-08-08T11:29:09","date_gmt":"2025-08-08T09:29:09","guid":{"rendered":"https:\/\/www.gabinetmodernista.com\/producto\/rajola-margarites\/"},"modified":"2026-03-02T11:46:58","modified_gmt":"2026-03-02T09:46:58","slug":"rajola-margarites","status":"publish","type":"product","link":"https:\/\/www.gabinetmodernista.com\/ca\/producto\/rajola-margarites\/","title":{"rendered":"RAJOLA MARGARITES"},"content":{"rendered":"<p>Aquest mosaic \u00e9s un excel\u00b7lent exemple del Modernisme catal\u00e0, un estil que es caracteritza pel seu amor per les formes org\u00e0niques i la riquesa dels detalls. Tot i que se&#8217;n desconeix la ubicaci\u00f3 exacta, el disseny floral la fa representativa de l&#8217;alta artesania de l&#8217;\u00e8poca que buscava la bellesa en la representaci\u00f3 de la natura.<\/p>\n<p>El disseny de la rajola se centra en la representaci\u00f3 de flors acampanades de color taronja i groc que s&#8217;entrellacen amb grans fulles verdes i tiges. La composici\u00f3 \u00e9s din\u00e0mica i asim\u00e8trica amb les flors i les fulles que semblen surar sobre un fons de diferents textures. La part dreta de la rajola presenta un fons llis de color groc, mentre que la part esquerra t\u00e9 un fons blau clar amb un delicat patr\u00f3 d&#8217;ones blanques que evoca l&#8217;aigua o el vent.<\/p>\n<p>La paleta de colors d&#8217;aquesta rajola \u00e9s rica i vibrant. El taronja i el groc de les flors evoquen la vitalitat i l&#8217;energia, mentre que els verds i els blaus de les fulles i el fons aporten un toc de frescor i serenitat. Aquesta combinaci\u00f3 de colors crea una atmosfera de calma i eleg\u00e0ncia. En conjunt aquest mosaic \u00e9s una obra que demostra el mestratge artesanal del Modernisme. El disseny i la paleta de colors transformen una simple rajola en una pe\u00e7a d&#8217;art que evoca la bellesa de la natura i contribueix a l&#8217;est\u00e8tica general de l&#8217;edifici.<\/p>\n","protected":false},"excerpt":{"rendered":"<p><strong>Desconegut<\/strong><\/p>\n<p>Argila cuita recoberta amb un esmalt vitri<\/p>\n<p>Lliurament estimat, aproximadament 1 setmana des de la confirmaci\u00f3 de la comanda<\/p>\n","protected":false},"featured_media":8362,"template":"","meta":{"_joinchat":[]},"product_brand":[],"product_cat":[170,190,171],"product_tag":[],"class_list":{"0":"post-8968","1":"product","2":"type-product","3":"status-publish","4":"has-post-thumbnail","6":"product_cat-ceramica-ca","7":"product_cat-finca-modernista","8":"product_cat-rajola-plana","10":"first","11":"instock","12":"taxable","13":"shipping-taxable","14":"purchasable","15":"product-type-simple"},"_links":{"self":[{"href":"https:\/\/www.gabinetmodernista.com\/ca\/wp-json\/wp\/v2\/product\/8968","targetHints":{"allow":["GET"]}}],"collection":[{"href":"https:\/\/www.gabinetmodernista.com\/ca\/wp-json\/wp\/v2\/product"}],"about":[{"href":"https:\/\/www.gabinetmodernista.com\/ca\/wp-json\/wp\/v2\/types\/product"}],"wp:featuredmedia":[{"embeddable":true,"href":"https:\/\/www.gabinetmodernista.com\/ca\/wp-json\/wp\/v2\/media\/8362"}],"wp:attachment":[{"href":"https:\/\/www.gabinetmodernista.com\/ca\/wp-json\/wp\/v2\/media?parent=8968"}],"wp:term":[{"taxonomy":"product_brand","embeddable":true,"href":"https:\/\/www.gabinetmodernista.com\/ca\/wp-json\/wp\/v2\/product_brand?post=8968"},{"taxonomy":"product_cat","embeddable":true,"href":"https:\/\/www.gabinetmodernista.com\/ca\/wp-json\/wp\/v2\/product_cat?post=8968"},{"taxonomy":"product_tag","embeddable":true,"href":"https:\/\/www.gabinetmodernista.com\/ca\/wp-json\/wp\/v2\/product_tag?post=8968"}],"curies":[{"name":"wp","href":"https:\/\/api.w.org\/{rel}","templated":true}]}}

<p>Aquest mosaic és un excel·lent exemple del Modernisme català, un estil que es caracteritza pel seu amor per les formes orgàniques i la riquesa dels detalls. Tot i que se&#8217;n desconeix la ubicació exacta, el disseny floral la fa representativa de l&#8217;alta artesania de l&#8217;època que buscava la bellesa en la representació de la natura.</p>
<p>El disseny de la rajola se centra en la representació de flors acampanades de color taronja i groc que s&#8217;entrellacen amb grans fulles verdes i tiges. La composició és dinàmica i asimètrica amb les flors i les fulles que semblen surar sobre un fons de diferents textures. La part dreta de la rajola presenta un fons llis de color groc, mentre que la part esquerra té un fons blau clar amb un delicat patró d&#8217;ones blanques que evoca l&#8217;aigua o el vent.</p>
<p>La paleta de colors d&#8217;aquesta rajola és rica i vibrant. El taronja i el groc de les flors evoquen la vitalitat i l&#8217;energia, mentre que els verds i els blaus de les fulles i el fons aporten un toc de frescor i serenitat. Aquesta combinació de colors crea una atmosfera de calma i elegància. En conjunt aquest mosaic és una obra que demostra el mestratge artesanal del Modernisme. El disseny i la paleta de colors transformen una simple rajola en una peça d&#8217;art que evoca la bellesa de la natura i contribueix a l&#8217;estètica general de l&#8217;edifici.</p>

<p><strong>Desconegut</strong></p>
<p>Argila cuita recoberta amb un esmalt vitri</p>
<p>Lliurament estimat, aproximadament 1 setmana des de la confirmació de la comanda</p>
