{"id":8959,"date":"2025-08-08T11:12:14","date_gmt":"2025-08-08T09:12:14","guid":{"rendered":"https:\/\/www.gabinetmodernista.com\/producto\/rajola-lletera\/"},"modified":"2026-03-02T11:45:30","modified_gmt":"2026-03-02T09:45:30","slug":"rajola-lletera","status":"publish","type":"product","link":"https:\/\/www.gabinetmodernista.com\/ca\/producto\/rajola-lletera\/","title":{"rendered":"RAJOLA LLETERA"},"content":{"rendered":"<p>Aquesta rajola d&#8217;una lleteria Sant Just Desvern \u00e9s un exemple excel\u00b7lent del Modernisme catal\u00e0, un estil que es caracteritza pel seu amor per les formes org\u00e0niques i la riquesa dels seus detalls.<\/p>\n<p>El disseny de la rajola se centra en la representaci\u00f3 d\u00b4una gran rosa estilitzada que ocupa la totalitat de la pe\u00e7a. Els p\u00e8tals estan representats per formes corbes i fluides que s&#8217;entrellacen per formar una composici\u00f3 din\u00e0mica. Els detalls de color taronja al centre de la flor aporten un toc de vitalitat i frescor. La rajola \u00e9s una pe\u00e7a modular que, en unir-se amb altres, crea un patr\u00f3 m\u00e9s gran i cohesiu.<\/p>\n<p>La paleta de colors d&#8217;aquesta rajola \u00e9s rica i harmoniosa. Destaca la combinaci\u00f3 dels blaus de la flor, que evoquen el color del cel i la frescor, amb el blanc del fons. L&#8217;\u00fas del color taronja als pistils aporta un toc de calidesa. Aquesta elecci\u00f3 crom\u00e0tica contribueix a crear una atmosfera relaxada i acollidora.<\/p>\n<p>En conjunt, aquest mosaic \u00e9s una obra que demostra el mestratge artesanal del Modernisme. El disseny i la paleta de colors transformen una simple rajola en una pe\u00e7a d&#8217;art que evoca la bellesa de la natura i contribueix a l&#8217;est\u00e8tica general de l&#8217;edifici.<\/p>\n","protected":false},"excerpt":{"rendered":"<p><strong>Desconegut<\/strong><\/p>\n<p>Argila cuita recoberta amb un esmalt vitri<\/p>\n<p>Lliurament estimat, aproximadament 1 setmana des de la confirmaci\u00f3 de la comanda<\/p>\n","protected":false},"featured_media":8356,"template":"","meta":{"_joinchat":[]},"product_brand":[],"product_cat":[170,190,171],"product_tag":[],"class_list":{"0":"post-8959","1":"product","2":"type-product","3":"status-publish","4":"has-post-thumbnail","6":"product_cat-ceramica-ca","7":"product_cat-finca-modernista","8":"product_cat-rajola-plana","10":"first","11":"instock","12":"taxable","13":"shipping-taxable","14":"purchasable","15":"product-type-simple"},"_links":{"self":[{"href":"https:\/\/www.gabinetmodernista.com\/ca\/wp-json\/wp\/v2\/product\/8959","targetHints":{"allow":["GET"]}}],"collection":[{"href":"https:\/\/www.gabinetmodernista.com\/ca\/wp-json\/wp\/v2\/product"}],"about":[{"href":"https:\/\/www.gabinetmodernista.com\/ca\/wp-json\/wp\/v2\/types\/product"}],"wp:featuredmedia":[{"embeddable":true,"href":"https:\/\/www.gabinetmodernista.com\/ca\/wp-json\/wp\/v2\/media\/8356"}],"wp:attachment":[{"href":"https:\/\/www.gabinetmodernista.com\/ca\/wp-json\/wp\/v2\/media?parent=8959"}],"wp:term":[{"taxonomy":"product_brand","embeddable":true,"href":"https:\/\/www.gabinetmodernista.com\/ca\/wp-json\/wp\/v2\/product_brand?post=8959"},{"taxonomy":"product_cat","embeddable":true,"href":"https:\/\/www.gabinetmodernista.com\/ca\/wp-json\/wp\/v2\/product_cat?post=8959"},{"taxonomy":"product_tag","embeddable":true,"href":"https:\/\/www.gabinetmodernista.com\/ca\/wp-json\/wp\/v2\/product_tag?post=8959"}],"curies":[{"name":"wp","href":"https:\/\/api.w.org\/{rel}","templated":true}]}}

<p>Aquesta rajola d&#8217;una lleteria Sant Just Desvern és un exemple excel·lent del Modernisme català, un estil que es caracteritza pel seu amor per les formes orgàniques i la riquesa dels seus detalls.</p>
<p>El disseny de la rajola se centra en la representació d´una gran rosa estilitzada que ocupa la totalitat de la peça. Els pètals estan representats per formes corbes i fluides que s&#8217;entrellacen per formar una composició dinàmica. Els detalls de color taronja al centre de la flor aporten un toc de vitalitat i frescor. La rajola és una peça modular que, en unir-se amb altres, crea un patró més gran i cohesiu.</p>
<p>La paleta de colors d&#8217;aquesta rajola és rica i harmoniosa. Destaca la combinació dels blaus de la flor, que evoquen el color del cel i la frescor, amb el blanc del fons. L&#8217;ús del color taronja als pistils aporta un toc de calidesa. Aquesta elecció cromàtica contribueix a crear una atmosfera relaxada i acollidora.</p>
<p>En conjunt, aquest mosaic és una obra que demostra el mestratge artesanal del Modernisme. El disseny i la paleta de colors transformen una simple rajola en una peça d&#8217;art que evoca la bellesa de la natura i contribueix a l&#8217;estètica general de l&#8217;edifici.</p>

<p><strong>Desconegut</strong></p>
<p>Argila cuita recoberta amb un esmalt vitri</p>
<p>Lliurament estimat, aproximadament 1 setmana des de la confirmació de la comanda</p>
