{"id":8954,"date":"2025-08-08T11:07:54","date_gmt":"2025-08-08T09:07:54","guid":{"rendered":"https:\/\/www.gabinetmodernista.com\/producto\/rajola-cor\/"},"modified":"2026-03-02T11:19:17","modified_gmt":"2026-03-02T09:19:17","slug":"rajola-cor","status":"publish","type":"product","link":"https:\/\/www.gabinetmodernista.com\/ca\/producto\/rajola-cor\/","title":{"rendered":"RAJOLA COR"},"content":{"rendered":"<p>Aquesta rajola \u00e9s un excel\u00b7lent exemple del Modernisme catal\u00e0, un estil que es caracteritza pel seu amor per les formes org\u00e0niques i la riquesa dels detalls. Tot i que no puc confirmar-ne la ubicaci\u00f3 o l&#8217;arquitecte amb exactitud, el seu estil \u00e9s coherent amb les obres de l&#8217;\u00e8poca a Esplugues de Llobregat.<\/p>\n<p>El disseny de la rajola se centra en un motiu floral principal, que recorda una flor de lliri o safr\u00e0, amb p\u00e8tals llargs i estilitzats que s&#8217;entrellacen amb grans fulles verdes i blau turquesa. El disseny \u00e9s org\u00e0nic i din\u00e0mic, sense l\u00ednies rectes, i s&#8217;est\u00e9n de manera asim\u00e8trica per tota la pe\u00e7a. La composici\u00f3 suggereix que aquesta rajola \u00e9s part d&#8217;un patr\u00f3 m\u00e9s gran i repetitiu, on cada pe\u00e7a s&#8217;uneix a les altres per formar una catifa visual.<\/p>\n<p>La paleta de colors \u00e9s rica i sofisticada. Destaca el contrast entre el fons marr\u00f3 vermell\u00f3s i els colors freds i suaus de la flor, un lila p\u00e0l\u00b7lid i un blau turquesa. Les fulles verdes i els petits detalls a taronja aporten un toc de frescor i vitalitat. Aquesta combinaci\u00f3 de colors crea una atmosfera de calma i eleg\u00e0ncia.<\/p>\n<p>En conjunt, aquest mosaic \u00e9s una obra que demostra el mestratge artesanal del Modernisme. El disseny i la paleta de colors transformen una simple rajola en una pe\u00e7a d&#8217;art que evoca la bellesa de la natura i contribueix a l&#8217;est\u00e8tica general de l&#8217;edifici.<\/p>\n","protected":false},"excerpt":{"rendered":"<p><strong>Desconegut<\/strong><\/p>\n<p>Argila cuita recoberta amb un esmalt vitri<\/p>\n<p>Lliurament estimat, aproximadament 1 setmana des de la confirmaci\u00f3 de la comanda<\/p>\n","protected":false},"featured_media":8353,"template":"","meta":{"_joinchat":[]},"product_brand":[],"product_cat":[170,190,171],"product_tag":[],"class_list":{"0":"post-8954","1":"product","2":"type-product","3":"status-publish","4":"has-post-thumbnail","6":"product_cat-ceramica-ca","7":"product_cat-finca-modernista","8":"product_cat-rajola-plana","10":"first","11":"instock","12":"taxable","13":"shipping-taxable","14":"purchasable","15":"product-type-simple"},"_links":{"self":[{"href":"https:\/\/www.gabinetmodernista.com\/ca\/wp-json\/wp\/v2\/product\/8954","targetHints":{"allow":["GET"]}}],"collection":[{"href":"https:\/\/www.gabinetmodernista.com\/ca\/wp-json\/wp\/v2\/product"}],"about":[{"href":"https:\/\/www.gabinetmodernista.com\/ca\/wp-json\/wp\/v2\/types\/product"}],"wp:featuredmedia":[{"embeddable":true,"href":"https:\/\/www.gabinetmodernista.com\/ca\/wp-json\/wp\/v2\/media\/8353"}],"wp:attachment":[{"href":"https:\/\/www.gabinetmodernista.com\/ca\/wp-json\/wp\/v2\/media?parent=8954"}],"wp:term":[{"taxonomy":"product_brand","embeddable":true,"href":"https:\/\/www.gabinetmodernista.com\/ca\/wp-json\/wp\/v2\/product_brand?post=8954"},{"taxonomy":"product_cat","embeddable":true,"href":"https:\/\/www.gabinetmodernista.com\/ca\/wp-json\/wp\/v2\/product_cat?post=8954"},{"taxonomy":"product_tag","embeddable":true,"href":"https:\/\/www.gabinetmodernista.com\/ca\/wp-json\/wp\/v2\/product_tag?post=8954"}],"curies":[{"name":"wp","href":"https:\/\/api.w.org\/{rel}","templated":true}]}}

<p>Aquesta rajola és un excel·lent exemple del Modernisme català, un estil que es caracteritza pel seu amor per les formes orgàniques i la riquesa dels detalls. Tot i que no puc confirmar-ne la ubicació o l&#8217;arquitecte amb exactitud, el seu estil és coherent amb les obres de l&#8217;època a Esplugues de Llobregat.</p>
<p>El disseny de la rajola se centra en un motiu floral principal, que recorda una flor de lliri o safrà, amb pètals llargs i estilitzats que s&#8217;entrellacen amb grans fulles verdes i blau turquesa. El disseny és orgànic i dinàmic, sense línies rectes, i s&#8217;estén de manera asimètrica per tota la peça. La composició suggereix que aquesta rajola és part d&#8217;un patró més gran i repetitiu, on cada peça s&#8217;uneix a les altres per formar una catifa visual.</p>
<p>La paleta de colors és rica i sofisticada. Destaca el contrast entre el fons marró vermellós i els colors freds i suaus de la flor, un lila pàl·lid i un blau turquesa. Les fulles verdes i els petits detalls a taronja aporten un toc de frescor i vitalitat. Aquesta combinació de colors crea una atmosfera de calma i elegància.</p>
<p>En conjunt, aquest mosaic és una obra que demostra el mestratge artesanal del Modernisme. El disseny i la paleta de colors transformen una simple rajola en una peça d&#8217;art que evoca la bellesa de la natura i contribueix a l&#8217;estètica general de l&#8217;edifici.</p>

<p><strong>Desconegut</strong></p>
<p>Argila cuita recoberta amb un esmalt vitri</p>
<p>Lliurament estimat, aproximadament 1 setmana des de la confirmació de la comanda</p>
