{"id":8949,"date":"2025-08-08T11:00:33","date_gmt":"2025-08-08T09:00:33","guid":{"rendered":"https:\/\/www.gabinetmodernista.com\/producto\/rajola-floretes\/"},"modified":"2026-03-02T11:30:53","modified_gmt":"2026-03-02T09:30:53","slug":"rajola-floretes","status":"publish","type":"product","link":"https:\/\/www.gabinetmodernista.com\/ca\/producto\/rajola-floretes\/","title":{"rendered":"RAJOLA FLORETES"},"content":{"rendered":"<p>Aquesta rajola \u00e9s un excel\u00b7lent exemple del Modernisme catal\u00e0, un estil que es caracteritza pel seu amor per les formes org\u00e0niques i la riquesa dels detalls. \u00c9s un estil coherent amb les obres que es troben al carrer Rossell\u00f3 de Barcelona.<\/p>\n<p>El disseny de la rajola se centra en la representaci\u00f3 de motius florals i bot\u00e0nics de manera estilitzada i naturalista. S&#8217;aprecien grans fulles de color verd amb vores dentades i tiges que s&#8217;estenen per la pe\u00e7a, on s&#8217;entrellacen flors de diferents mides i formes. La composici\u00f3 \u00e9s din\u00e0mica i asim\u00e8trica, amb les flors i les fulles que semblen surar sobre un fons groc clar. La rajola, en unir-se amb altres, crea un patr\u00f3 m\u00e9s gran i cohesiu.<\/p>\n<p>La paleta de colors d&#8217;aquesta rajola \u00e9s rica i harmoniosa. Destaca la combinaci\u00f3 dels verds de les fulles amb els tons ataronjats i rosats de les flors. L&#8217;\u00fas del groc per al fons ressalta la lluminositat de la pe\u00e7a. La t\u00e8cnica de pintura \u00e9s visible, amb pinzellades que donen textura i profunditat als colors.<\/p>\n<p>En conjunt, aquest mosaic \u00e9s una obra que demostra el mestratge artesanal del Modernisme. El disseny i la paleta de colors transformen una simple rajola en una pe\u00e7a d&#8217;art que evoca la bellesa de la natura i contribueix a l&#8217;est\u00e8tica general de l&#8217;edifici.<\/p>\n","protected":false},"excerpt":{"rendered":"<p><strong>Desconegut<\/strong><!--more--><\/p>\n<p>Argila cuita recoberta amb un esmalt vitri<\/p>\n<p>Lliurament estimat, aproximadament 1 setmana des de la confirmaci\u00f3 de la comanda<\/p>\n","protected":false},"featured_media":8350,"template":"","meta":{"_joinchat":[]},"product_brand":[],"product_cat":[170,190,171],"product_tag":[],"class_list":{"0":"post-8949","1":"product","2":"type-product","3":"status-publish","4":"has-post-thumbnail","6":"product_cat-ceramica-ca","7":"product_cat-finca-modernista","8":"product_cat-rajola-plana","10":"first","11":"instock","12":"taxable","13":"shipping-taxable","14":"purchasable","15":"product-type-simple"},"_links":{"self":[{"href":"https:\/\/www.gabinetmodernista.com\/ca\/wp-json\/wp\/v2\/product\/8949","targetHints":{"allow":["GET"]}}],"collection":[{"href":"https:\/\/www.gabinetmodernista.com\/ca\/wp-json\/wp\/v2\/product"}],"about":[{"href":"https:\/\/www.gabinetmodernista.com\/ca\/wp-json\/wp\/v2\/types\/product"}],"wp:featuredmedia":[{"embeddable":true,"href":"https:\/\/www.gabinetmodernista.com\/ca\/wp-json\/wp\/v2\/media\/8350"}],"wp:attachment":[{"href":"https:\/\/www.gabinetmodernista.com\/ca\/wp-json\/wp\/v2\/media?parent=8949"}],"wp:term":[{"taxonomy":"product_brand","embeddable":true,"href":"https:\/\/www.gabinetmodernista.com\/ca\/wp-json\/wp\/v2\/product_brand?post=8949"},{"taxonomy":"product_cat","embeddable":true,"href":"https:\/\/www.gabinetmodernista.com\/ca\/wp-json\/wp\/v2\/product_cat?post=8949"},{"taxonomy":"product_tag","embeddable":true,"href":"https:\/\/www.gabinetmodernista.com\/ca\/wp-json\/wp\/v2\/product_tag?post=8949"}],"curies":[{"name":"wp","href":"https:\/\/api.w.org\/{rel}","templated":true}]}}

<p>Aquesta rajola és un excel·lent exemple del Modernisme català, un estil que es caracteritza pel seu amor per les formes orgàniques i la riquesa dels detalls. És un estil coherent amb les obres que es troben al carrer Rosselló de Barcelona.</p>
<p>El disseny de la rajola se centra en la representació de motius florals i botànics de manera estilitzada i naturalista. S&#8217;aprecien grans fulles de color verd amb vores dentades i tiges que s&#8217;estenen per la peça, on s&#8217;entrellacen flors de diferents mides i formes. La composició és dinàmica i asimètrica, amb les flors i les fulles que semblen surar sobre un fons groc clar. La rajola, en unir-se amb altres, crea un patró més gran i cohesiu.</p>
<p>La paleta de colors d&#8217;aquesta rajola és rica i harmoniosa. Destaca la combinació dels verds de les fulles amb els tons ataronjats i rosats de les flors. L&#8217;ús del groc per al fons ressalta la lluminositat de la peça. La tècnica de pintura és visible, amb pinzellades que donen textura i profunditat als colors.</p>
<p>En conjunt, aquest mosaic és una obra que demostra el mestratge artesanal del Modernisme. El disseny i la paleta de colors transformen una simple rajola en una peça d&#8217;art que evoca la bellesa de la natura i contribueix a l&#8217;estètica general de l&#8217;edifici.</p>

<p><strong>Desconegut</strong><!--more--></p>
<p>Argila cuita recoberta amb un esmalt vitri</p>
<p>Lliurament estimat, aproximadament 1 setmana des de la confirmació de la comanda</p>
