{"id":8943,"date":"2025-08-08T08:59:58","date_gmt":"2025-08-08T06:59:58","guid":{"rendered":"https:\/\/www.gabinetmodernista.com\/producto\/rajola-la-rosa\/"},"modified":"2026-03-02T11:44:28","modified_gmt":"2026-03-02T09:44:28","slug":"rajola-la-rosa","status":"publish","type":"product","link":"https:\/\/www.gabinetmodernista.com\/ca\/producto\/rajola-la-rosa\/","title":{"rendered":"RAJOLA LA ROSA"},"content":{"rendered":"<div class=\"ng-tns-c735210534-63\">\n<section id=\"processing-state-1\" class=\"processing-state_container ng-tns-c735210534-63 is-gpi-avatar ng-trigger ng-trigger-processingStateShowHide ng-star-inserted is-done-processing\">\n<div id=\"processing-state-1-summary\" class=\"processing-state_details ng-trigger ng-trigger-menuExpansion ng-tns-c735210534-63 is-gpi-avatar ng-star-inserted\" aria-hidden=\"true\">\n<div class=\"tool-summary ng-tns-c735210534-63\">\n<div class=\"gds-body-l tool-summary-message ng-tns-c735210534-63 ng-star-inserted\">\n<div class=\"ng-tns-c735210534-63\">Aquesta rajola, que \u00e9s a l&#8217;Hospital de la Santa Creu i Sant Pau, obra de l&#8217;arquitecte Llu\u00eds Dom\u00e8nech i Montaner, \u00e9s un clar exponent del Modernisme catal\u00e0. L&#8217;obra reflecteix la connexi\u00f3 profunda de l&#8217;arquitecte amb la natura i la seva capacitat per transformar elements quotidians en s\u00edmbols de bellesa i vida.<\/div>\n<div><\/div>\n<\/div>\n<\/div>\n<\/div>\n<\/section>\n<\/div>\n<div class=\"response-content ng-tns-c2122707797-62\">\n<div id=\"model-response-message-contentr_2e92717b87ac57ab\" class=\"markdown markdown-main-panel stronger enable-updated-hr-color\" dir=\"ltr\">\n<p>El disseny de la rajola se centra en la representaci\u00f3 d\u00b4una gran rosa estilitzada que ocupa la totalitat de la pe\u00e7a. Les formes s\u00f3n org\u00e0niques i fluides, amb grans p\u00e8tals que s&#8217;entrellacen per formar una composici\u00f3 din\u00e0mica. La rajola \u00e9s una pe\u00e7a modular que, en unir-se amb altres, crea un patr\u00f3 m\u00e9s gran i cohesiu, on les flors s&#8217;alternen per formar una xarxa visual. Les tiges i les fulles es corben per crear un efecte de moviment que \u00e9s caracter\u00edstic del Modernisme. La paleta de colors n&#8217;\u00e9s una de les caracter\u00edstiques m\u00e9s distintives i emblem\u00e0tiques del Modernisme. Dom\u00e8nech i Montaner utilitza una rica combinaci\u00f3 de vermells, verds i taronges. El contrast entre el vibrant vermell de la rosa i el verd profund de les fulles genera una tensi\u00f3 visual que dirigeix \u200b\u200bla mirada cap a l&#8217;interior del mosaic. Les formes blanques i grogues ressalten sobre el fons fosc, donant protagonisme i permetent que cada element sigui una pe\u00e7a d&#8217;un trencaclosques m\u00e9s gran i coherent.<\/p>\n<p>En conjunt, aquest mosaic \u00e9s una obra que transcendeix la simple funci\u00f3 de paviment per convertir-se en una superf\u00edcie de contemplaci\u00f3. \u00c9s una manifestaci\u00f3 de l&#8217;harmonia entre l&#8217;art i l&#8217;artesania, on cada pe\u00e7a contribueix a crear una obra d&#8217;art total que reflecteix els ideals est\u00e8tics del Modernisme. La seva bellesa rau en la perfecta execuci\u00f3 de les seves formes, en la rica interacci\u00f3 dels colors i en la capacitat per transformar un espai en un jard\u00ed interior d&#8217;eleg\u00e0ncia.<\/p>\n<\/div>\n<\/div>\n","protected":false},"excerpt":{"rendered":"<p><strong>Llu\u00eds Dom\u00e8nech i Montaner<\/strong><\/p>\n<p>Argila cuita recoberta amb un esmalt vitri<\/p>\n<p>Lliurament estimat, aproximadament 1 setmana des de la confirmaci\u00f3 de la comanda<\/p>\n","protected":false},"featured_media":8332,"template":"","meta":{"_joinchat":[]},"product_brand":[],"product_cat":[170,179,171],"product_tag":[],"class_list":{"0":"post-8943","1":"product","2":"type-product","3":"status-publish","4":"has-post-thumbnail","6":"product_cat-ceramica-ca","7":"product_cat-lluis-domenech-montaner-ca","8":"product_cat-rajola-plana","10":"first","11":"instock","12":"taxable","13":"shipping-taxable","14":"purchasable","15":"product-type-simple"},"_links":{"self":[{"href":"https:\/\/www.gabinetmodernista.com\/ca\/wp-json\/wp\/v2\/product\/8943","targetHints":{"allow":["GET"]}}],"collection":[{"href":"https:\/\/www.gabinetmodernista.com\/ca\/wp-json\/wp\/v2\/product"}],"about":[{"href":"https:\/\/www.gabinetmodernista.com\/ca\/wp-json\/wp\/v2\/types\/product"}],"wp:featuredmedia":[{"embeddable":true,"href":"https:\/\/www.gabinetmodernista.com\/ca\/wp-json\/wp\/v2\/media\/8332"}],"wp:attachment":[{"href":"https:\/\/www.gabinetmodernista.com\/ca\/wp-json\/wp\/v2\/media?parent=8943"}],"wp:term":[{"taxonomy":"product_brand","embeddable":true,"href":"https:\/\/www.gabinetmodernista.com\/ca\/wp-json\/wp\/v2\/product_brand?post=8943"},{"taxonomy":"product_cat","embeddable":true,"href":"https:\/\/www.gabinetmodernista.com\/ca\/wp-json\/wp\/v2\/product_cat?post=8943"},{"taxonomy":"product_tag","embeddable":true,"href":"https:\/\/www.gabinetmodernista.com\/ca\/wp-json\/wp\/v2\/product_tag?post=8943"}],"curies":[{"name":"wp","href":"https:\/\/api.w.org\/{rel}","templated":true}]}}

<div class="ng-tns-c735210534-63">
<section id="processing-state-1" class="processing-state_container ng-tns-c735210534-63 is-gpi-avatar ng-trigger ng-trigger-processingStateShowHide ng-star-inserted is-done-processing">
<div id="processing-state-1-summary" class="processing-state_details ng-trigger ng-trigger-menuExpansion ng-tns-c735210534-63 is-gpi-avatar ng-star-inserted" aria-hidden="true">
<div class="tool-summary ng-tns-c735210534-63">
<div class="gds-body-l tool-summary-message ng-tns-c735210534-63 ng-star-inserted">
<div class="ng-tns-c735210534-63">Aquesta rajola, que és a l&#8217;Hospital de la Santa Creu i Sant Pau, obra de l&#8217;arquitecte Lluís Domènech i Montaner, és un clar exponent del Modernisme català. L&#8217;obra reflecteix la connexió profunda de l&#8217;arquitecte amb la natura i la seva capacitat per transformar elements quotidians en símbols de bellesa i vida.</div>
<div></div>
</div>
</div>
</div>
</section>
</div>
<div class="response-content ng-tns-c2122707797-62">
<div id="model-response-message-contentr_2e92717b87ac57ab" class="markdown markdown-main-panel stronger enable-updated-hr-color" dir="ltr">
<p>El disseny de la rajola se centra en la representació d´una gran rosa estilitzada que ocupa la totalitat de la peça. Les formes són orgàniques i fluides, amb grans pètals que s&#8217;entrellacen per formar una composició dinàmica. La rajola és una peça modular que, en unir-se amb altres, crea un patró més gran i cohesiu, on les flors s&#8217;alternen per formar una xarxa visual. Les tiges i les fulles es corben per crear un efecte de moviment que és característic del Modernisme. La paleta de colors n&#8217;és una de les característiques més distintives i emblemàtiques del Modernisme. Domènech i Montaner utilitza una rica combinació de vermells, verds i taronges. El contrast entre el vibrant vermell de la rosa i el verd profund de les fulles genera una tensió visual que dirigeix ​​la mirada cap a l&#8217;interior del mosaic. Les formes blanques i grogues ressalten sobre el fons fosc, donant protagonisme i permetent que cada element sigui una peça d&#8217;un trencaclosques més gran i coherent.</p>
<p>En conjunt, aquest mosaic és una obra que transcendeix la simple funció de paviment per convertir-se en una superfície de contemplació. És una manifestació de l&#8217;harmonia entre l&#8217;art i l&#8217;artesania, on cada peça contribueix a crear una obra d&#8217;art total que reflecteix els ideals estètics del Modernisme. La seva bellesa rau en la perfecta execució de les seves formes, en la rica interacció dels colors i en la capacitat per transformar un espai en un jardí interior d&#8217;elegància.</p>
</div>
</div>

<p><strong>Lluís Domènech i Montaner</strong></p>
<p>Argila cuita recoberta amb un esmalt vitri</p>
<p>Lliurament estimat, aproximadament 1 setmana des de la confirmació de la comanda</p>
