{"id":8938,"date":"2025-08-08T08:51:15","date_gmt":"2025-08-08T06:51:15","guid":{"rendered":"https:\/\/www.gabinetmodernista.com\/producto\/rajola-flor-del-sol\/"},"modified":"2026-03-02T11:26:47","modified_gmt":"2026-03-02T09:26:47","slug":"rajola-flor-del-sol","status":"publish","type":"product","link":"https:\/\/www.gabinetmodernista.com\/ca\/producto\/rajola-flor-del-sol\/","title":{"rendered":"RAJOLA FLOR DEL SOL"},"content":{"rendered":"<div class=\"ng-tns-c735210534-57\">\n<section id=\"processing-state-0\" class=\"processing-state_container ng-tns-c735210534-57 is-gpi-avatar ng-trigger ng-trigger-processingStateShowHide ng-star-inserted is-done-processing\">\n<div id=\"processing-state-0-summary\" class=\"processing-state_details ng-trigger ng-trigger-menuExpansion ng-tns-c735210534-57 is-gpi-avatar ng-star-inserted\" aria-hidden=\"true\">\n<p>Aquesta rajola, que es troba a la Casa Barbey de la Garriga, \u00e9s una de les creacions m\u00e9s representatives de l&#8217;arquitecte Joaquim Raspall i Mayol. \u00c9s un exponent clar del Modernisme catal\u00e0, on la natura es converteix en la principal font d&#8217;inspiraci\u00f3, fusionant la precisi\u00f3 geom\u00e8trica amb l&#8217;exuber\u00e0ncia org\u00e0nica.<\/p>\n<\/div>\n<\/section>\n<\/div>\n<div class=\"response-content ng-tns-c2122707797-56\">\n<div id=\"model-response-message-contentr_f1d20688657bb8f7\" class=\"markdown markdown-main-panel stronger enable-updated-hr-color\" dir=\"ltr\">\n<p>El disseny de la rajola se centra en una gran flor estilitzada que ocupa gaireb\u00e9 la totalitat de la pe\u00e7a, evocant un gira-sol o un crisantem. El nucli central de la flor presenta un patr\u00f3 de quadr\u00edcula que aporta una nota geom\u00e8trica al disseny mentre que els p\u00e8tals, d&#8217;un blanc i groc vibrants, es despleguen de forma radial. Als costats, s&#8217;aprecien formes curvil\u00ednies en blau i fulles estilitzades a les cantonades, que connecten amb altres rajoles per formar una &#8220;catifa&#8221; visual.<\/p>\n<p>La paleta crom\u00e0tica \u00e9s rica i plena de vida, una cosa caracter\u00edstica del Modernisme. Raspall utilitza una combinaci\u00f3 d&#8217;un groc i taronja intens al centre de la flor, que simbolitza el sol i l&#8217;energia, amb tons de blau, verd i blanc als p\u00e8tals i les fulles. El fons de color rosa p\u00e0l\u00b7lid ressalta el patr\u00f3 central, creant un fort contrast que atrau la mirada i genera una sensaci\u00f3 de lluminositat.<\/p>\n<p>En conjunt, aquest mosaic \u00e9s una obra que demostra el mestratge de Raspall en la integraci\u00f3 de l&#8217;artesania a l&#8217;arquitectura. \u00c9s una manifestaci\u00f3 de l&#8217;harmonia entre l&#8217;art i la natura, on una simple rajola es converteix en una pe\u00e7a d&#8217;un puzle que reflecteix el dinamisme i la riquesa decorativa del modernisme.<\/p>\n<\/div>\n<\/div>\n","protected":false},"excerpt":{"rendered":"<div class=\"hHq9Z\">\n<div data-hveid=\"CBYQAA\" data-ved=\"2ahUKEwj_i8axz_qOAxW3eqQEHVkwGVQQlcAGegQIFhAA\">\n<div class=\"KsRP6 yniSnf\">\n<div class=\"MDY31c\">\n<div class=\"QpPSMb\">\n<div class=\"DoxwDb\">\n<div class=\"PZPZlf ssJ7i xgAzOe\" role=\"heading\" aria-level=\"2\" data-attrid=\"title\"><strong>Manuel Joaquim Raspall i Mayol<\/strong><\/div>\n<div role=\"heading\" aria-level=\"2\" data-attrid=\"title\"><\/div>\n<div class=\"PZPZlf ssJ7i xgAzOe\" role=\"heading\" aria-level=\"2\" data-attrid=\"title\">Argila cuita recoberta amb un esmalt vitri<\/div>\n<\/div>\n<\/div>\n<\/div>\n<\/div>\n<\/div>\n<\/div>\n<p>Lliurament estimat, aproximadament 1 setmana des de la confirmaci\u00f3 de la comanda<\/p>\n","protected":false},"featured_media":8329,"template":"","meta":{"_joinchat":[]},"product_brand":[],"product_cat":[172,170,174,171],"product_tag":[],"class_list":{"0":"post-8938","1":"product","2":"type-product","3":"status-publish","4":"has-post-thumbnail","6":"product_cat-casa-barbey-ca-2","7":"product_cat-ceramica-ca","8":"product_cat-manuel-joaquim-raspall-i-mayol-ca-2","9":"product_cat-rajola-plana","11":"first","12":"instock","13":"taxable","14":"shipping-taxable","15":"purchasable","16":"product-type-simple"},"_links":{"self":[{"href":"https:\/\/www.gabinetmodernista.com\/ca\/wp-json\/wp\/v2\/product\/8938","targetHints":{"allow":["GET"]}}],"collection":[{"href":"https:\/\/www.gabinetmodernista.com\/ca\/wp-json\/wp\/v2\/product"}],"about":[{"href":"https:\/\/www.gabinetmodernista.com\/ca\/wp-json\/wp\/v2\/types\/product"}],"wp:featuredmedia":[{"embeddable":true,"href":"https:\/\/www.gabinetmodernista.com\/ca\/wp-json\/wp\/v2\/media\/8329"}],"wp:attachment":[{"href":"https:\/\/www.gabinetmodernista.com\/ca\/wp-json\/wp\/v2\/media?parent=8938"}],"wp:term":[{"taxonomy":"product_brand","embeddable":true,"href":"https:\/\/www.gabinetmodernista.com\/ca\/wp-json\/wp\/v2\/product_brand?post=8938"},{"taxonomy":"product_cat","embeddable":true,"href":"https:\/\/www.gabinetmodernista.com\/ca\/wp-json\/wp\/v2\/product_cat?post=8938"},{"taxonomy":"product_tag","embeddable":true,"href":"https:\/\/www.gabinetmodernista.com\/ca\/wp-json\/wp\/v2\/product_tag?post=8938"}],"curies":[{"name":"wp","href":"https:\/\/api.w.org\/{rel}","templated":true}]}}

<div class="ng-tns-c735210534-57">
<section id="processing-state-0" class="processing-state_container ng-tns-c735210534-57 is-gpi-avatar ng-trigger ng-trigger-processingStateShowHide ng-star-inserted is-done-processing">
<div id="processing-state-0-summary" class="processing-state_details ng-trigger ng-trigger-menuExpansion ng-tns-c735210534-57 is-gpi-avatar ng-star-inserted" aria-hidden="true">
<p>Aquesta rajola, que es troba a la Casa Barbey de la Garriga, és una de les creacions més representatives de l&#8217;arquitecte Joaquim Raspall i Mayol. És un exponent clar del Modernisme català, on la natura es converteix en la principal font d&#8217;inspiració, fusionant la precisió geomètrica amb l&#8217;exuberància orgànica.</p>
</div>
</section>
</div>
<div class="response-content ng-tns-c2122707797-56">
<div id="model-response-message-contentr_f1d20688657bb8f7" class="markdown markdown-main-panel stronger enable-updated-hr-color" dir="ltr">
<p>El disseny de la rajola se centra en una gran flor estilitzada que ocupa gairebé la totalitat de la peça, evocant un gira-sol o un crisantem. El nucli central de la flor presenta un patró de quadrícula que aporta una nota geomètrica al disseny mentre que els pètals, d&#8217;un blanc i groc vibrants, es despleguen de forma radial. Als costats, s&#8217;aprecien formes curvilínies en blau i fulles estilitzades a les cantonades, que connecten amb altres rajoles per formar una &#8220;catifa&#8221; visual.</p>
<p>La paleta cromàtica és rica i plena de vida, una cosa característica del Modernisme. Raspall utilitza una combinació d&#8217;un groc i taronja intens al centre de la flor, que simbolitza el sol i l&#8217;energia, amb tons de blau, verd i blanc als pètals i les fulles. El fons de color rosa pàl·lid ressalta el patró central, creant un fort contrast que atrau la mirada i genera una sensació de lluminositat.</p>
<p>En conjunt, aquest mosaic és una obra que demostra el mestratge de Raspall en la integració de l&#8217;artesania a l&#8217;arquitectura. És una manifestació de l&#8217;harmonia entre l&#8217;art i la natura, on una simple rajola es converteix en una peça d&#8217;un puzle que reflecteix el dinamisme i la riquesa decorativa del modernisme.</p>
</div>
</div>

<div class="hHq9Z">
<div data-hveid="CBYQAA" data-ved="2ahUKEwj_i8axz_qOAxW3eqQEHVkwGVQQlcAGegQIFhAA">
<div class="KsRP6 yniSnf">
<div class="MDY31c">
<div class="QpPSMb">
<div class="DoxwDb">
<div class="PZPZlf ssJ7i xgAzOe" role="heading" aria-level="2" data-attrid="title"><strong>Manuel Joaquim Raspall i Mayol</strong></div>
<div role="heading" aria-level="2" data-attrid="title"></div>
<div class="PZPZlf ssJ7i xgAzOe" role="heading" aria-level="2" data-attrid="title">Argila cuita recoberta amb un esmalt vitri</div>
</div>
</div>
</div>
</div>
</div>
</div>
<p>Lliurament estimat, aproximadament 1 setmana des de la confirmació de la comanda</p>
